 + 2*i = -i - 203, -3*n + 3*i = -117. Suppose -1 = -4*k + n. Let j = k - 2. What is the units digit of j?
9
What is the tens digit of (2 - 10/4)/(10/(-1380))?
6
Suppose -z = z - 4. Suppose 5*j + r = -5, 2*j + z*r + 10 = j. Suppose 2*d + 3*d - 4*c - 46 = j, -3*c + 3 = 0. What is the tens digit of d?
1
What is the tens digit of 22*(-3)/12*-4?
2
What is the units digit of (12/(-36))/(1/(-123))?
1
Suppose -3*w = 2*w - 5*x - 50, -3*x = -2*w + 25. Let r(v) = v + 1. Let f be r(3). Suppose 4*b = -f*a + 40, -2*a = 3*b - w*b + 4. What is the units digit of b?
6
Suppose -s = 3*s - 8. Suppose -4*x = -0*x + 2*z, 5*x + s = -2*z. What is the units digit of 1*2/((-2)/x)?
2
Let j(y) = y**3 - 10*y**2 + 9*y - 2. Let q be j(9). Let v be 4/10 + q/5. Suppose v = t - 2*t + 17. What is the tens digit of t?
1
Let g = 1 - 3. Let h = g - -5. What is the units digit of (-1)/h*(-27 - 0)?
9
Suppose -4*d = -0*d + 4. Let o be ((-1)/(-3))/(d/(-51)). Suppose -8 = -5*u - 4*z, -4*z - o = -2*u - z. What is the units digit of u?
4
Let j(m) = -4*m. Let k be j(-1). Let x(v) be the second derivative of v**3/2 - v**2 - v. What is the tens digit of x(k)?
1
Let f = -14 - -50. What is the tens digit of f?
3
Let v = 104 - 47. Let q = v + -38. What is the tens digit of q?
1
Let y(k) = -6*k - 18. What is the units digit of y(-11)?
8
Let q(i) be the first derivative of -6*i**2 - i - 1. What is the tens digit of q(-1)?
1
Suppose d = -0*d. Let a = d + 0. What is the units digit of (a - 1/1)*-8?
8
Suppose -4*h - 8 = 4*f, 7*f + 6 = 2*f - 4*h. Suppose -2*b = -2 - f, -5*g = 3*b - 51. What is the units digit of g?
9
Let k(l) = -2*l**2 + l - 5*l**3 + 2*l**2 + 1. Let j be k(-1). Suppose 5*t - 95 = -3*p, -j*t + 2*t - p = -53. What is the units digit of t?
6
Suppose -4*m + 13 = 5. Suppose 6*u = m*u + 128. What is the units digit of u?
2
Suppose 5*c - 5 = -y, 5*y + 0*y - 3*c + 3 = 0. Let j(b) = -b + 9. What is the units digit of j(y)?
9
Let g be (-63)/(-28)*(-16)/(-6). Let z = 11 - g. What is the units digit of z - (-1 - 3)/2?
7
What is the units digit of 1 - -1 - (1 + -156)?
7
Suppose 0 = -l + 4*l + 2*k - 33, 4*l = 5*k + 21. What is the units digit of l?
9
Let a(m) = -m**2 - 9*m + 4. Let h be a(-9). Suppose 0 = 2*w - 5*j - 6, h*w + 0*j - 12 = -j. Suppose 0 = z + w*z - 12. What is the units digit of z?
3
Suppose 3*v + 3*c = 132, 2*v = -2*c + 4*c + 92. What is the units digit of v?
5
Suppose -7*k + 724 - 87 = 0. What is the units digit of k?
1
Let v(r) = r**3 + 13*r**2 + 6*r + 13. What is the tens digit of v(-12)?
8
Let a = 12 + -10. Let g(k) = k**3 - 4*k**2 + 2. Let y be g(4). Suppose -1 = y*q + 2*l - 13, 4*q - 18 = -a*l. What is the units digit of q?
3
Suppose 4*c = -2*f - 8, -20 = -c + 6*c. Suppose -f*k - 15 = -7*k. What is the units digit of k?
5
Suppose 2*v - 2 = m, 3 = -4*v + v + 3*m. Let i(n) be the first derivative of n**2 - n - 17. What is the units digit of i(v)?
5
Let x = 1 + -7. What is the tens digit of -24*(0 + x/8)?
1
Let r(g) = -11*g - 49. What is the tens digit of r(-13)?
9
Let l = -4 - -6. Suppose -3*v - l*v - 4*s = -46, 0 = -2*s + 8. Suppose 44 = -2*r + v*r. What is the tens digit of r?
1
Suppose -86 = 5*o - 26. What is the units digit of (4/o)/((-1)/6)?
2
Suppose 0*j - 6 = j + 4*p, -5*p + 6 = -j. What is the units digit of (2/j)/((-3)/18)?
2
Let t = 63 - 35. What is the units digit of t?
8
Let q(s) = s**2 + 1. Let m be q(0). Suppose -z + 4*h = 0, 4*z + 41 + m = -5*h. What is the units digit of (z/6)/((-2)/3)?
2
Let z(c) = -21*c**3 + c**2 - 5*c - 6. What is the tens digit of z(-2)?
7
What is the tens digit of -1*2*156/(-8)?
3
Let y be (-6 - -3) + (4 - 1). Let f(l) = -l + 9. Let c be f(y). Suppose c + 16 = 5*r. What is the units digit of r?
5
Let s(w) = -w + 5. What is the units digit of s(4)?
1
Let a be (1/2)/((-5)/(-520)). Let v(n) = n**2 + 4*n - 2. Let h be v(-5). What is the tens digit of a/h + 4/(-12)?
1
Suppose f = 4*f + 12, a - 3 = f. What is the units digit of (-112)/(-8) + (-4 - a)?
1
Suppose 2*a = 4*a - 1416. Suppose t - b = -0*b - a, 4*t + 2838 = 2*b. What is the units digit of 2/9 + t/(-81)?
9
Let u = 482 - 329. What is the hundreds digit of u?
1
What is the units digit of (-8)/(1*(3 + -5))?
4
Let z = 26 - -50. What is the tens digit of z?
7
What is the hundreds digit of (16/(-6))/((-4)/246)?
1
Let a = 2 + -12. Let s = 34 + a. What is the units digit of s?
4
Suppose -6 = 2*h - 0*h + 2*s, -3*s = -4*h - 5. Let x be (0 + 1)/(1/(-6)). Let i = h - x. What is the units digit of i?
4
Suppose 0 = -a + 11 + 5. What is the tens digit of a?
1
Suppose q - 6*q + 390 = 0. What is the units digit of q?
8
Suppose 2*u - 5 = -3*u. Let g be u + 6/(-2) + 17. Suppose -3*h + 0*l + g = l, 0 = 5*l. What is the units digit of h?
5
Let v(z) = -3*z + 5. Let n(a) = -6*a + 11. Let t(o) = 3*n(o) - 5*v(o). Let x be t(7). What is the tens digit of x/(1*(-1 - 0))?
1
Let r(z) = 2*z**2. Suppose -4*w + w = -6. What is the units digit of r(w)?
8
Let k = 73 - 66. What is the units digit of k?
7
Suppose 3*n = 4*n - 39. What is the tens digit of n?
3
Let o be 0/2*(1 - 0). Let y = o + 6. What is the units digit of 8/y*(-6)/(-4)?
2
Let u(z) = z + 3. Let p(f) = 1. Let m(a) = 5*p(a) - 3*u(a). What is the tens digit of m(-7)?
1
Suppose 0 = 86*r - 90*r + 596. What is the tens digit of r?
4
Suppose -3*j - j + 48 = 0. Let n(w) = -w**3 - 2*w**2 + w - 3. Let t be n(-3). Suppose t*f + 0*f = j. What is the units digit of f?
4
Let d(h) = 19*h - 3. Let z be d(1). Suppose -7*v = -3*v - z. What is the units digit of v?
4
Suppose -3*z + 67 = -2*l, -4*l = z + 2*z - 73. Suppose 5*x + z = -2. Let y = 0 - x. What is the units digit of y?
5
Let q = 3 - 1. Suppose -3*x = d - 8, -5*x = -4*d - q*x + 2. Suppose -4*i + d*i + 38 = 0. What is the tens digit of i?
1
Suppose -m = m + 4. Let f(v) = -v**2 - 1. Let z(o) = 2*o**3 - 4*o**2 - 3. Let y(n) = 4*f(n) - z(n). What is the units digit of y(m)?
5
Suppose -4*p + 111 = -p - 4*s, -4*p + 179 = 5*s. What is the tens digit of p?
4
Suppose 3*d = d + 18. Let q = 0 + d. What is the units digit of q?
9
Let o(r) = 3*r + 2. Let u be o(-2). Let h = u - -12. What is the units digit of h?
8
What is the units digit of 1/(4 + (-5)/(2630/2102))?
3
Suppose c + 10 = 3*c. Let p = c + -5. Suppose 5*k - 65 = -p*k + 5*i, 4*k - 2*i - 42 = 0. What is the units digit of k?
8
Suppose 4*b + 5*s = 188, 0 = b - 4*b + s + 141. What is the tens digit of b?
4
Suppose -5*p - q = -89, -q - 69 + 14 = -3*p. What is the tens digit of p?
1
Suppose -2*a = 4*w - 26, -2*a - 79 = -5*a + 4*w. Suppose 3*o + 36 = 4*s, 7*o + 5*s = 3*o - 48. Let u = o + a. What is the units digit of u?
9
Suppose 417 = 14*c - 255. What is the tens digit of c?
4
Let w(l) = 3*l**2 + 7*l + 6. Let a be w(-4). Suppose 3*v - a = 4. What is the tens digit of v?
1
Let n = -18 + 27. Suppose 4*v - 35 = -3*k, -44 = -4*k + v + n. What is the units digit of k?
3
Suppose -3*u = 3*f - 30, -15 = -f + 2*u + 2*u. What is the units digit of f?
1
Let g(h) = -4 - 1 + 3 + 3*h**2 - h. What is the units digit of g(-1)?
2
Suppose 5*c + 0*y - 3*y - 10 = 0, -c - 5*y + 30 = 0. Let q be 5*((-14)/c - -2). Let h = -3 - q. What is the units digit of h?
1
Let p = 3 - 6. What is the tens digit of (-64)/p + (-8)/(-12)?
2
Suppose 0*c - 5*c = -220. Suppose 0 = r + 3*l + 3, 3*r - r - 4*l = c. Suppose -4*w - r = -32. What is the units digit of w?
5
Let a(h) = -11*h - 6. What is the tens digit of a(-3)?
2
Let o = 24 - 52. Let q = 54 + o. What is the units digit of q?
6
Suppose 2*u + 12 - 62 = 0. Let p = u + 29. What is the units digit of p?
4
Let a be 21/(-6) - 1/(-2). Let o be (2 + a - -16)/(-1). What is the units digit of o/25 - (-86)/10?
8
Let c = -22 + 21. What is the tens digit of (2/c)/(8/(-160))?
4
Let w = 37 - 17. What is the units digit of w?
0
Suppose 2*h = -3*h - 120. Let o = -14 - h. What is the units digit of o?
0
Suppose -2*i - 3*i - 60 = 0. Let l(h) = -h**3 - 7*h**2 - 8*h - 9. Let r be l(-6). What is the units digit of 22/r - (-4)/i?
7
Let p(i) = i**3 + 2*i**2 + i - 7. What is the units digit of p(5)?
3
Suppose z = 4*z + 165. Let o = -32 - z. Suppose -5*y + o = -7. What is the units digit of y?
6
Let u be ((-2)/(-4))/((-1)/(-2)). Let x = 7 + u. What is the units digit of x?
8
Let g(p) = 4*p. Let v be g(1). Let q be v/12*3*9. Let c = 15 - q. What is the units digit of c?
6
What